 and i?
8
Let a be (-93)/(-15) + 2/(-10). Let r be a/15 - (-939)/15. Calculate the highest common factor of 21 and r.
21
Let b(r) = 18*r**3 - r**2 + 1. Let c be b(2). Let u = -85 + c. What is the highest common divisor of u and 14?
14
Suppose 0 = 4*a + 3*y + 3, -49 = -5*a + 3*y - 19. Suppose 4*h = -5*j + 259, 0 = -2*h + 4*h + a*j - 129. Calculate the highest common divisor of h and 44.
22
Suppose -2 = -w, 0*w + 38 = z - w. Suppose -26*b = -25*b - 8. Calculate the highest common factor of z and b.
8
Let g be (-16)/(2 + 2) - -6. Let w be ((-2)/(-5))/(g/60). Calculate the greatest common factor of 60 and w.
12
Let f = 8 + -5. Suppose -2*v = f*v - 55. Calculate the highest common divisor of v and 99.
11
Let w(p) = -5*p + 3. Let v be w(-6). Let o = -41 + 63. What is the highest common divisor of v and o?
11
Let a(p) = 2*p - 6. Let f be a(7). Suppose f*d - 3*d = 175. Calculate the greatest common factor of d and 5.
5
Let j = 85 - 25. Suppose 0 = -0*b + 2*b - j. Calculate the highest common divisor of 75 and b.
15
Suppose 2*i + 3 = q + 1, 4*i = -3*q + 36. What is the greatest common divisor of 72 and q?
8
Suppose 1 = r - 2*r, -c - 3*r = -1. Suppose -c*q + 6*q = 80. Let b = q + -24. What is the greatest common factor of 24 and b?
8
Let n(u) = -u - 3. Let q be n(-3). Suppose 4*y - 5*y = -5*l - 20, -4*y + 5*l + 35 = q. Suppose -1 = -g + 4. Calculate the highest common divisor of y and g.
5
Let f = -5 - -8. Let x(n) = -5*n - 4. Let m(k) = 14*k + 12. Let r(q) = 4*m(q) + 11*x(q). Let w be r(f). Calculate the highest common factor of 14 and w.
7
Suppose 167 - 20 = 3*m. Calculate the highest common factor of 98 and m.
49
Suppose -5*z + 10 = -0*z. Suppose z*w - 4 = 116. Let b = 12 - -3. What is the greatest common divisor of b and w?
15
Suppose 60 + 18 = 3*i. Suppose 5*x = -4*n + 35, 3*x - 3*n + 6 = -0*n. Suppose 0 = 2*z - x - 23. What is the highest common factor of z and i?
13
Suppose -6*t = 9 - 39. Let o(f) = -f**3 - 3*f**2 + 5*f + 5. Let u be o(-4). Calculate the greatest common factor of u and t.
1
Let x(t) = t**3 + 7*t - 5. Let v be x(2). What is the greatest common divisor of v and 17?
17
Suppose 19 = g + b, -g - 2*b = 2 - 22. Suppose 2*v = 8 + 46. What is the greatest common divisor of g and v?
9
Let k = 37 + 35. Calculate the greatest common factor of k and 24.
24
Let m(q) = q**2 + 18*q - 32. Let h be m(-21). Calculate the greatest common divisor of h and 31.
31
Let s(g) = 48*g**2 + 2*g - 2. Let w be s(1). Calculate the highest common divisor of w and 12.
12
Let y(f) = -f**3 + 15. Let g be y(0). Calculate the greatest common divisor of 5 and g.
5
Suppose -88 = -8*g + 7*g. Suppose -3*h = -2*h + 13. Let z = 21 + h. Calculate the highest common divisor of g and z.
8
Suppose -4*b = -91 - 61. Suppose -b - 32 = -f. What is the highest common divisor of f and 28?
14
Suppose 5*p - 2*u - 6 = 4*p, 5*u = -5*p - 45. Let c = p - -1. Let m be 22/((-4)/30*c). What is the greatest common factor of m and 22?
11
Let t = -152 + 262. Calculate the greatest common factor of t and 10.
10
Let k(z) = -z + 1. Let r be k(-5). Let j be 0 - (16/(-20))/((-2)/(-120)). What is the greatest common factor of j and r?
6
Let r = -3 - -4. Let l = r + 4. What is the greatest common factor of 10 and l?
5
Suppose -4*p + 6 = -54. Calculate the greatest common factor of 165 and p.
15
Let j be 4/(-10) + (-64)/(-10). Let x be -1 - -2 - (9 - 11). Suppose x*z - z - 168 = -4*t, -5*t + 3*z + 210 = 0. What is the greatest common factor of t and j?
6
Let c be (2 - 3 - -1)/1. Suppose -3*a + 11 + 4 = c. Suppose 16 = -2*w - 2*w, a*n = -w + 76. Calculate the greatest common factor of 24 and n.
8
Suppose -x - 3 - 29 = 0. Let t = x + 52. Calculate the highest common divisor of t and 220.
20
Let y = -6 + 34. Let t = -17 + y. What is the highest common divisor of t and 99?
11
Suppose 0*b = -3*b. Suppose b = -3*w - w + 48. What is the highest common factor of w and 96?
12
Suppose 4*y - 3*y - 108 = 0. Calculate the greatest common divisor of 12 and y.
12
Suppose -q = -41 - 13. Calculate the highest common divisor of q and 6.
6
Let y(o) = o**3 + 13*o**2 + 2*o - 10. Let b be y(-12). Calculate the highest common factor of 44 and b.
22
Let c be 14*((-10)/4 - -2). Let o = 2 - c. What is the highest common factor of o and 81?
9
Let k(j) = j**3 + 12*j**2 - j - 8. Let p be k(-12). Calculate the greatest common factor of p and 6.
2
Let w be 227/5 - (-6)/10. Suppose -n + w = n. Calculate the highest common factor of n and 92.
23
Let x(u) = 25*u - 96. Let p be x(10). What is the highest common divisor of p and 11?
11
Let r(x) = -x - 5. Suppose 0 = d + 2*d + 24. Let q be r(d). What is the highest common factor of 3 and q?
3
Let a(q) = -q + 15. Let l be (-1 - -1) + 5/5. Suppose 0 = t - l, 3*t + 33 = 4*u + 8*t. Let o be a(u). What is the greatest common factor of 32 and o?
8
Let z = -22 - -27. What is the greatest common factor of 1 and z?
1
Suppose 0 = -3*t + 3*u + 6, 2*t + 2 = 4*u + 6. Calculate the highest common divisor of 3 and t.
1
Let p(u) = u**3 - u. Let a be p(3). Suppose -9 = 6*o - 225. Calculate the highest common divisor of a and o.
12
Let y(q) = q + 1. Let i be y(0). Let l(f) = f**3 + 3*f**2 + 4*f + 5. Let g be l(-2). What is the greatest common factor of i and g?
1
Let k(d) = -10*d - 2. Let h be k(-1). Suppose 2*w + 3*r = 32, 3*r - 63 + 15 = -3*w. Calculate the highest common factor of w and h.
8
Let f = 36 + 45. Suppose -26 = -0*p - 3*p - 5*q, 5*p = 5*q + 30. Suppose -p = -t + 2. Calculate the greatest common divisor of f and t.
9
Let n be -2 + (-3)/(-3) + 2. Suppose -n = q - 24. Let a be -3 + 97 + -2 + 0. Calculate the highest common divisor of a and q.
23
Let t be (0 + 0)/(-2)*1. Let g be (2*-1 + 1)*-2. Let n be (t - 35)*g/(-2). Calculate the greatest common divisor of 7 and n.
7
Let f be 15/2 + 27/18. Let q be 21/(-9) + (-4)/6. Let n be (-4)/(-6) - 214/q. Calculate the greatest common divisor of f and n.
9
Suppose 4*p = 5*p - 72. Let y = -36 + p. Calculate the greatest common divisor of 24 and y.
12
Suppose -3*j = -2*b - 9 - 41, -j - 4*b = -26. What is the highest common factor of 144 and j?
18
Suppose 0 = 5*s + 4*b - 58, -s + 3 = 3*b - 13. Let x = -28 + 53. Calculate the greatest common factor of s and x.
5
Let v(w) = -w**2 - w + 21. Let d be 0*-1*(-2)/4. Let h be v(d). What is the greatest common divisor of h and 7?
7
Suppose 3*y - 2*g - 32 = 3*g, 16 = 2*y - 2*g. Suppose 2*b - 16 = -y. Let w be ((-20)/b)/(2/(-72)). What is the highest common divisor of 24 and w?
24
Suppose b = 6*b - 4*u - 95, -2*u = -4*b + 70. Let i be 2/(-4)*-2*3. What is the highest common divisor of i and b?
3
Let b be (-319)/(-99) + 2/(-9). What is the greatest common factor of 3 and b?
3
Let v = 8 + -3. Let o be ((-2)/(-3))/((-2)/6). Let s = 3 + o. What is the greatest common divisor of s and v?
1
Let n = 113 - 65. What is the highest common factor of n and 16?
16
Let q(g) = -g**3 + 5*g**2 - 3*g - 4. Let p be q(4). Suppose 2*x - 6 = -p*x. What is the highest common divisor of 1 and x?
1
Suppose v = 8 + 1. Let z be (-36)/3*(-3 - 0). Calculate the highest common divisor of v and z.
9
Let d(p) = 145*p**2 + p. Let z be d(-1). Let t = -25 - -102. Suppose 4*o = f + t, -4*o + 5*f + 33 = -64. Calculate the greatest common factor of o and z.
18
Let l be 2/8 + 30/8. Suppose p = 2*o - 1, -3*p - l*o + 7 = -4*p. Let c be (-26)/39 - 94/(-6). Calculate the highest common factor of p and c.
5
Suppose -6 = -2*t, 0*t + 2*t = v - 21. Suppose -4*u + 20 - 4 = 0. Let q be ((-4)/(-6))/(u/18). What is the highest common divisor of v and q?
3
Let w = -4 + 8. Let y be 3 - (-5)/((-20)/56). Let q = 15 + y. Calculate the highest common divisor of q and w.
4
Suppose 0 = 2*a - 11 - 3. Let m = a - 5. Suppose 0 = -m*r + 5*u + 29, -r + 32 = -5*u + 5. What is the highest common divisor of r and 20?
2
Suppose 3*m + 0 = 27. Let h be (m/(-4))/((-18)/48). Let f(o) = 55*o**3 - o**2 + o - 1. Let g be f(1). Calculate the greatest common divisor of h and g.
6
Suppose 3*j + 0 - 3 = 0. Let k(q) = 5*q - 4. Let l be k(3). Calculate the greatest common factor of j and l.
1
Let u = 3 + 1. Suppose -a - 10 = -6*a. Suppose -2*r - 28 = -k + 2*r, 2*k - 66 = -a*r. Calculate the highest common factor of u and k.
4
Suppose -566 = -3*f + f + 4*i, 2*f + 5*i = 548. Calculate the great